{"id":31,"date":"2019-02-20T17:34:19","date_gmt":"2019-02-20T17:34:19","guid":{"rendered":"http:\/\/kiju-asseln.de\/?page_id=31"},"modified":"2025-01-19T07:41:48","modified_gmt":"2025-01-19T07:41:48","slug":"unser-vorstand","status":"publish","type":"page","link":"https:\/\/kiju-asseln.de\/?page_id=31","title":{"rendered":"Unser Vorstand"},"content":{"rendered":"\n<div class=\"wp-block-columns is-layout-flex wp-container-core-columns-is-layout-1 wp-block-columns-is-layout-flex\">\n<div class=\"wp-block-column is-layout-flow wp-block-column-is-layout-flow\"><\/div>\n<\/div>\n\n\n\n<p><span style=\"color: #333399;\">Der Vorstand des Kinder- und Jugendf\u00f6derungswerkes Asseln e.V. setzt sich zusammen aus:<\/span><\/p>\n\n\n\n<p><span style=\"color: #333399;\">&nbsp;&nbsp; <br><\/span><span style=\"color: #333399;\"><strong>Vorsitzende*r:<\/strong> Daniela Schl\u00fcter&nbsp;&nbsp; <img loading=\"lazy\" decoding=\"async\" class=\"alignnone wp-image-403 \" src=\"https:\/\/kiju-asseln.de\/wp-content\/uploads\/2023\/02\/2023-Daniela-Schlueter-KiJu-233x300.jpg\" alt=\"\" width=\"147\" height=\"189\" srcset=\"https:\/\/kiju-asseln.de\/wp-content\/uploads\/2023\/02\/2023-Daniela-Schlueter-KiJu-233x300.jpg 233w, https:\/\/kiju-asseln.de\/wp-content\/uploads\/2023\/02\/2023-Daniela-Schlueter-KiJu.jpg 496w\" sizes=\"auto, (max-width: 147px) 100vw, 147px\" \/><\/span><\/p>\n\n\n\n<p><span style=\"color: #333399;\"><strong>Kassierer*in:<\/strong> <\/span><\/p>\n\n\n\n<p><span style=\"color: #333399;\"><br>Helga Fischer &nbsp; <\/span><span style=\"color: #333399;\"><img loading=\"lazy\" decoding=\"async\" class=\"alignnone wp-image-404 \" src=\"https:\/\/kiju-asseln.de\/wp-content\/uploads\/2023\/02\/2023-Helga-Fischer-KiJu-225x300.jpg\" alt=\"\" width=\"155\" height=\"207\" srcset=\"https:\/\/kiju-asseln.de\/wp-content\/uploads\/2023\/02\/2023-Helga-Fischer-KiJu-225x300.jpg 225w, https:\/\/kiju-asseln.de\/wp-content\/uploads\/2023\/02\/2023-Helga-Fischer-KiJu.jpg 480w\" sizes=\"auto, (max-width: 155px) 100vw, 155px\" \/><\/span><\/p>\n\n\n\n<p class=\"has-text-color\" style=\"color:#333399\"><span style=\"color: #333399;\"><strong>Schriftf\u00fchrer*in:<\/strong><\/span> Christa Markowski<\/p>\n\n\n\n<figure class=\"wp-block-image size-full is-resized\"><img loading=\"lazy\" decoding=\"async\" width=\"514\" height=\"640\" src=\"https:\/\/kiju-asseln.de\/wp-content\/uploads\/2023\/02\/2023-Christa-Markowski-KiJu.jpg\" alt=\"\" class=\"wp-image-401\" style=\"width:155px;height:193px\" srcset=\"https:\/\/kiju-asseln.de\/wp-content\/uploads\/2023\/02\/2023-Christa-Markowski-KiJu.jpg 514w, https:\/\/kiju-asseln.de\/wp-content\/uploads\/2023\/02\/2023-Christa-Markowski-KiJu-241x300.jpg 241w\" sizes=\"auto, (max-width: 514px) 100vw, 514px\" \/><\/figure>\n\n\n\n<p><span style=\"color: #333399;\"><strong>Beisitzer*in:<\/strong><\/span><\/p>\n\n\n\n<p><\/p>\n\n\n\n<p><span style=\"color: #333399;\">&nbsp;&nbsp;&nbsp;&nbsp;&nbsp;&nbsp;&nbsp;&nbsp;&nbsp;&nbsp;&nbsp;&nbsp;&nbsp;&nbsp;&nbsp;&nbsp;&nbsp;&nbsp;&nbsp;&nbsp; B\u00e4rbel Kannenberg&nbsp;&nbsp; <\/span><span style=\"color: #333399;\"><img loading=\"lazy\" decoding=\"async\" class=\"alignnone  wp-image-190\" src=\"https:\/\/kiju-asseln.de\/wp-content\/uploads\/2022\/01\/HB\u00e4rbel-Kannenberg-234x300.jpg\" alt=\"\" width=\"166\" height=\"213\" srcset=\"https:\/\/kiju-asseln.de\/wp-content\/uploads\/2022\/01\/HB\u00e4rbel-Kannenberg-234x300.jpg 234w, https:\/\/kiju-asseln.de\/wp-content\/uploads\/2022\/01\/HB\u00e4rbel-Kannenberg.jpg 312w\" sizes=\"auto, (max-width: 166px) 100vw, 166px\" \/><br><\/span><\/p>\n\n\n\n<p class=\"has-purple-color has-text-color\"><span style=\"color: #333399;\"> <br><br><\/span><\/p>\n\n\n\n<!--more-->\n\n\n\n<p><span style=\"color: #333399;\"><strong>Vorsitzende*r des AWO-OV DO-Asseln\/Husen\/Kurl: <\/strong><\/span><\/p>\n\n\n\n<p class=\"has-text-color\" style=\"color:#333399\">Dirk Sparka<span style=\"color: #333399;\"><\/span> <\/p>\n\n\n\n<p><br><\/p>\n","protected":false},"excerpt":{"rendered":"<p>Der Vorstand des Kinder- und Jugendf\u00f6derungswerkes Asseln e.V. setzt sich zusammen aus: &nbsp;&nbsp; Vorsitzende*r: Daniela Schl\u00fcter&nbsp;&nbsp; Kassierer*in: Helga Fischer &nbsp; Schriftf\u00fchrer*in: Christa Markowski Beisitzer*in: &nbsp;&nbsp;&nbsp;&nbsp;&nbsp;&nbsp;&nbsp;&nbsp;&nbsp;&nbsp;&nbsp;&nbsp;&nbsp;&nbsp;&nbsp;&nbsp;&nbsp;&nbsp;&nbsp;&nbsp; B\u00e4rbel Kannenberg&nbsp;&nbsp;<\/p>\n","protected":false},"author":1,"featured_media":0,"parent":0,"menu_order":0,"comment_status":"closed","ping_status":"closed","template":"","meta":{"footnotes":""},"class_list":["post-31","page","type-page","status-publish","hentry"],"_links":{"self":[{"href":"https:\/\/kiju-asseln.de\/index.php?rest_route=\/wp\/v2\/pages\/31","targetHints":{"allow":["GET"]}}],"collection":[{"href":"https:\/\/kiju-asseln.de\/index.php?rest_route=\/wp\/v2\/pages"}],"about":[{"href":"https:\/\/kiju-asseln.de\/index.php?rest_route=\/wp\/v2\/types\/page"}],"author":[{"embeddable":true,"href":"https:\/\/kiju-asseln.de\/index.php?rest_route=\/wp\/v2\/users\/1"}],"replies":[{"embeddable":true,"href":"https:\/\/kiju-asseln.de\/index.php?rest_route=%2Fwp%2Fv2%2Fcomments&post=31"}],"version-history":[{"count":33,"href":"https:\/\/kiju-asseln.de\/index.php?rest_route=\/wp\/v2\/pages\/31\/revisions"}],"predecessor-version":[{"id":568,"href":"https:\/\/kiju-asseln.de\/index.php?rest_route=\/wp\/v2\/pages\/31\/revisions\/568"}],"wp:attachment":[{"href":"https:\/\/kiju-asseln.de\/index.php?rest_route=%2Fwp%2Fv2%2Fmedia&parent=31"}],"curies":[{"name":"wp","href":"https:\/\/api.w.org\/{rel}","templated":true}]}}